is divided by 312.
90
Calculate the remainder when 68416 is divided by 1591.
3
What is the remainder when 1548 is divided by 289?
103
Calculate the remainder when 157811 is divided by 147.
80
Calculate the remainder when 49069 is divided by 134.
25
Calculate the remainder when 23066 is divided by 16.
10
Calculate the remainder when 33170 is divided by 1934.
292
What is the remainder when 688 is divided by 1?
0
What is the remainder when 158891 is divided by 753?
8
Calculate the remainder when 333697 is divided by 101.
94
Calculate the remainder when 245639 is divided by 89.
88
What is the remainder when 20053021 is divided by 394?
391
Calculate the remainder when 55666 is divided by 574.
562
Calculate the remainder when 20828 is divided by 107.
70
What is the remainder when 3583 is divided by 2370?
1213
Calculate the remainder when 2592 is divided by 170.
42
Calculate the remainder when 381801 is divided by 54543.
0
Calculate the remainder when 22077 is divided by 8.
5
What is the remainder when 103781 is divided by 294?
293
What is the remainder when 13526 is divided by 169?
6
What is the remainder when 1741 is divided by 223?
180
What is the remainder when 1183 is divided by 321?
220
Calculate the remainder when 102332 is divided by 905.
67
Calculate the remainder when 1680 is divided by 171.
141
Calculate the remainder when 1245 is divided by 320.
285
What is the remainder when 400566 is divided by 57222?
12
Calculate the remainder when 365071 is divided by 94.
69
Calculate the remainder when 27404 is divided by 193.
191
What is the remainder when 45670 is divided by 58?
24
What is the remainder when 7669 is divided by 40?
29
Calculate the remainder when 29150 is divided by 530.
0
What is the remainder when 267832 is divided by 127?
116
Calculate the remainder when 2789 is divided by 1383.
23
What is the remainder when 564992 is divided by 251?
242
Calculate the remainder when 216223 is divided by 462.
7
Calculate the remainder when 2730 is divided by 538.
40
Calculate the remainder when 77162 is divided by 104.
98
Calculate the remainder when 9254 is divided by 99.
47
Calculate the remainder when 83 is divided by 69.
14
Calculate the remainder when 1496 is divided by 1495.
1
Calculate the remainder when 188226 is divided by 26888.
10
What is the remainder when 629 is divided by 18?
17
What is the remainder when 156729 is divided by 866?
849
Calculate the remainder when 5175 is divided by 430.
15
What is the remainder when 11170 is divided by 3723?
1
Calculate the remainder when 140219 is divided by 205.
204
Calculate the remainder when 10360 is divided by 208.
168
Calculate the remainder when 3756 is divided by 417.
3
What is the remainder when 23843 is divided by 844?
211
What is the remainder when 932 is divided by 88?
52
What is the remainder when 15265 is divided by 7631?
3
What is the remainder when 103115 is divided by 26?
25
What is the remainder when 157684 is divided by 63?
58
Calculate the remainder when 274478 is divided by 27.
23
What is the remainder when 44982 is divided by 999?
27
What is the remainder when 12772 is divided by 228?
4
Calculate the remainder when 13064 is divided by 229.
11
What is the remainder when 3154 is divided by 3149?
5
What is the remainder when 558963 is divided by 25407?
9
Calculate the remainder when 91064 is divided by 806.
792
What is the remainder when 652 is divided by 616?
36
Calculate the remainder when 16998 is divided by 126.
114
What is the remainder when 2473 is divided by 112?
9
What is the remainder when 175 is divided by 62?
51
Calculate the remainder when 23918 is divided by 5979.
2
What is the remainder when 1287 is divided by 1274?
13
Calculate the remainder when 11069 is divided by 31.
2
Calculate the remainder when 615365 is divided by 104.
101
What is the remainder when 610494 is divided by 203497?
3
What is the remainder when 118640 is divided by 8474?
4
Calculate the remainder when 28671 is divided by 1790.
31
What is the remainder when 358 is divided by 195?
163
Calculate the remainder when 138147 is divided by 161.
9
What is the remainder when 9108 is divided by 701?
696
What is the remainder when 4249 is divided by 847?
14
What is the remainder when 6777 is divided by 28?
1
Calculate the remainder when 126748 is divided by 126724.
24
Calculate the remainder when 5393627 is divided by 124.
123
Calculate the remainder when 31701 is divided by 31694.
7
What is the remainder when 1118 is divided by 128?
94
What is the remainder when 6055 is divided by 101?
96
Calculate the remainder when 66179 is divided by 32998.
183
Calculate the remainder when 46825 is divided by 289.
7
Calculate the remainder when 43183 is divided by 22.
19
What is the remainder when 1209 is divided by 323?
240
What is the remainder when 1031 is divided by 967?
64
Calculate the remainder when 81414 is divided by 15.
9
What is the remainder when 29715 is divided by 92?
91
What is the remainder when 264 is divided by 129?
6
Calculate the remainder when 3243 is divided by 124.
19
Calculate the remainder when 122932 is divided by 367.
354
What is the remainder when 85916 is divided by 38?
36
What is the remainder when 29655 is divided by 1098?
9
Calculate the remainder when 117886 is divided by 11.
10
Calculate the remainder when 60997 is divided by 232.
213
Calculate the remainder when 44881 is divided by 14.
11
Calculate the remainder when 3309 is divided by 55.
9
What is the remainder when 2173 is divided by 541?
9
Calculate the remainder when 97600 is divided by 13936.
48
Calculate the remainder when 9251 is divided by 3083.
2
Calculate the remainder when 1518 is divided by 366.
54
Calculate the remainder when 790 is divided by 35.
20
What is the remainder when 509212 is divided by 54?
46
What is the remainder when 608182 is divided by 853?
846
Calculate the remainder when 31135 is divided by 209.
203
Calculate the remainder when 84790 is divided by 12.
10
What is the remainder when 118691 is divided by 14?
13
What is the remainder when 49581 is divided by 19?
10
Calculate the remainder when 190246 is divided by 17.
16
Calculate the remainder when 7827 is divided by 3910.
7
What is the remainder when 35 is divided by 19?
16
What is the remainder when 154245 is divided by 466?
465
Calculate the remainder when 6550 is divided by 910.
180
Calculate the remainder when 83548 is divided by 43.
42
Calculate the remainder when 20325157 is divided by 9.
7
What is the remainder when 32243 is divided by 10746?
5
Calculate the remainder when 5773 is divided by 15.
13
Calculate the remainder when 176116 is divided by 87979.
158
Calculate the remainder when 877098 is divided by 20.
18
What is the remainder when 14502 is divided by 279?
273
Calculate the remainder when 455369 is divided by 43.
42
Calculate the remainder when 3863 is divided by 355.
313
What is the remainder when 5328 is divided by 27?
9
Calculate the remainder when 476568 is divided by 2336.
24
Calculate the remainder when 178349 is divided by 668.
661
Calculate the remainder when 30945 is divided by 30927.
18
What is the remainder when 2350 is divided by 237?
217
What is the remainder when 1306 is divided by 65?
6
Calculate the remainder when 162927 is divided by 175.
2
Calculate the remainder when 1524528 is divided by 169391.
9
What is the remainder when 17016 is divided by 262?
248
Calculate the remainder when 7242820 is divided by 75.
70
What is the remainder when 14137 is divided by 1765?
17
Calculate the remainder when 56602 is divided by 1048.
10
Calculate the remainder when 898 is divided by 232.
202
Calculate the remainder when 1002 is divided by 155.
72
What is the remainder when 41533 is divided by 3775?
8
Calculate the remainder when 13134 is divided by 452.
26
What is the remainder when 197315 is divided by 33?
8
What is the remainder when 3451 is divided by 1093?
172
Calculate the remainder when 129885 is divided by 202.
201
Calculate the remainder when 1218 is divided by 233.
53
Calculate the remainder when 201508 is divided by 220.
208
What is the remainder when 67647 is divided by 451?
448
Calculate the remainder when 1468 is divided by 340.
108
Calculate the remainder when 1258 is divided by 616.
26
What is the remainder when 167531